CXAK57 PAYA 021309
CLMYAK

CLIMATE REPORT 
NATIONAL WEATHER SERVICE YAKUTAT, AK
509 AM AKDT FRI SEP 2 2016
...................................

...THE YAKUTAT AP CLIMATE SUMMARY FOR THE MONTH OF AUGUST 2016...

CLIMATE NORMAL PERIOD 1981 TO 2010
CLIMATE RECORD PERIOD 1948 TO 2016

WEATHER         OBSERVED          NORMAL  DEPART  LAST YEAR\'S
                 VALUE   DATE(S)  VALUE   FROM    VALUE  DATE(S)
                                          NORMAL
................................................................
TEMPERATURE (F)
RECORD
 HIGH              88   8/15/2004 
 LOW               29   8/24/1974 
HIGHEST            78   8/27         72       6      69  8/04  
LOWEST             41                36       5      39  8/15  
AVG. MAXIMUM       63.5              60.5     3.0    62.0    
AVG. MINIMUM       51.9              47.2     4.7    48.0   
MEAN               57.7              53.8     3.9    55.0
DAYS MAX >= 90      0                 0.0     0.0     0
DAYS MAX <= 32      0                 0.0     0.0     0
DAYS MAX >= 80      0                 0.1    -0.1     0
DAYS MAX >= 70      5                 1.6     3.4     0
DAYS MIN <= 32      0                 0.0    -0.0     0
DAYS MIN <= 0       0                 0.0     0.0     0

PRECIPITATION (INCHES)
RECORD
 MAXIMUM           27.74   1991   
 MINIMUM            2.26   2007
TOTALS             13.31             14.07   -0.76   13.91
DAILY AVG.          0.43              0.45   -0.02    0.45
DAYS >= .01        21                19.1     1.9    19
DAYS >= .10        16                14.0     2.0    13
DAYS >= .50        11                 8.2     2.8     9
DAYS >= 1.0         5                 5.2    -0.2     5
GREATEST
 24 HR TOTAL        1.70   8/25                       4.39  8/17        

SNOWFALL (INCHES)
RECORDS
 TOTAL              0.0   1999
 24 HR TOTAL        0.0   8-21-2003
 SNOW DEPTH       190     8-05-2011    
TOTALS              0.0               0.0     0.0     0.0   
SINCE 7/1           0.0               0.0     0.0     0.0   
SNOWDEPTH AVG.      0                 0       0       0
DAYS >= TRACE       0                 0.1    -0.1     0
DAYS >= 1.0         0                 0.0     0.0     0
DAYS >= 6.0         0                 0.0     0.0     0
GREATEST
 SNOW DEPTH         0   MM                            0  MM    
 24 HR TOTAL      0.0   MM                          0.0  MM    

DEGREE_DAYS
HEATING TOTAL     219               346    -127     300 
 SINCE 7/1        449               678    -229     568
COOLING TOTAL       0                 0       0       0
 SINCE 1/1          0                 0       0       0
................................................................

WIND (MPH)                        
AVERAGE WIND SPEED                4.7
HIGHEST WIND SPEED/DIRECTION     21/130    DATE   08/11
HIGHEST GUST SPEED/DIRECTION     31/130    DATE   08/11

SKY COVER
POSSIBLE SUNSHINE (PERCENT)   MM                                      
AVERAGE SKY COVER             MM
NUMBER OF DAYS FAIR           MM
NUMBER OF DAYS PC             MM
NUMBER OF DAYS CLOUDY         MM

AVERAGE RH (PERCENT)     MM

WEATHER CONDITIONS. NUMBER OF DAYS WITH
THUNDERSTORM              0     ICE PELLETS                 0
RAIN                     25     GLAZE                       0
DRIZZLE                   0     HAIL                        0
SNOW                      0     HAZE                        3
FOG                      22     FOG W/VIS <= 1/4 MILE       4
BLOWING SNOW              0


-  INDICATES NEGATIVE NUMBERS.
R  INDICATES RECORD WAS SET OR TIED.
MM INDICATES DATA IS MISSING.
T  INDICATES TRACE AMOUNT.

&&


$$
*** SEP 16


Alaska Region Headquarters
222 West 7th Avenue #23
Anchorage, AK 99513-7575
Voice: 1-907-271-5088
Fax: 1-907-271-3711
Recorded Forecast: 1-800-472-0391
Webmaster Email: ARH Webauthors
Page Modified: 03 Feb 2008 18:00 UTC
About Us
Career Opportunities
Glossary
Credits
Disclaimer
Privacy Policy