CXAK57 PANT 012023
CLMANN

CLIMATE REPORT 
NATIONAL WEATHER SERVICE ANNETTE, AK
1223 PM AKDT THU SEP 1 2016
...................................

...THE ANNETTE WSO AP CLIMATE SUMMARY FOR THE MONTH OF AUGUST 2016...

CLIMATE NORMAL PERIOD 1981 TO 2010
CLIMATE RECORD PERIOD 1948 TO 2016

WEATHER         OBSERVED          NORMAL  DEPART  LAST YEAR\'S
                 VALUE   DATE(S)  VALUE   FROM    VALUE  DATE(S)
                                          NORMAL
................................................................
TEMPERATURE (F)
RECORD
 HIGH              90   8/08/1960 
 LOW               40   8/31/1973 
HIGHEST            81   8/07         78       3      75  8/14  
LOWEST             53                46       7      47  8/31  
AVG. MAXIMUM       71.0              64.7     6.3    65.1    
AVG. MINIMUM       56.2              53.1     3.1    53.4   
MEAN               63.6              58.9     4.7    59.3
DAYS MAX >= 90      0                 0.0     0.0     0
DAYS MAX <= 32      0                 0.0     0.0     0
DAYS MAX >= 80      3                 0.9     2.1     0
DAYS MAX >= 70     20                 6.1    13.9     6
DAYS MIN <= 32      0                 0.0     0.0     0
DAYS MIN <= 0       0                 0.0     0.0     0

PRECIPITATION (INCHES)
RECORD
 MAXIMUM           20.72   1958   
 MINIMUM            0.71   1954
TOTALS              3.12              6.96   -3.84    9.61
DAILY AVG.          0.10              0.22   -0.12    0.31
DAYS >= .01        14                15.9    -1.9    19
DAYS >= .10         8                10.8    -2.8    16
DAYS >= .50         3                 4.7    -1.7     8
DAYS >= 1.0         0                 2.3    -2.3     2
GREATEST
 24 HR TOTAL        0.64   8/08                       2.60  8/28        

SNOWFALL (INCHES)
RECORDS
 TOTAL              0.0   1948
 24 HR TOTAL        0.0   8-31-2016
 SNOW DEPTH         0     8-31-2016    
TOTALS              0.0               0.0     0.0     0.0   
SINCE 7/1           0.0               0.3    -0.3     0.0   
SNOWDEPTH AVG.      0                 0       0       0
DAYS >= TRACE       0                 0.0     0.0     0
DAYS >= 1.0         0                 0.0     0.0     0
DAYS >= 6.0         0                 0.0     0.0     0
GREATEST
 SNOW DEPTH         0   MM                            0  MM    
 24 HR TOTAL      0.0   MM                          0.0  MM    

DEGREE_DAYS
HEATING TOTAL      71               195    -124     173 
 SINCE 7/1        192               401    -209     292
COOLING TOTAL      35                 0      35       0
 SINCE 1/1         57                 0      57      37
................................................................

WIND (MPH)                        
AVERAGE WIND SPEED                5.7
HIGHEST WIND SPEED/DIRECTION     20/130    DATE   08/29
HIGHEST GUST SPEED/DIRECTION     32/310    DATE   08/26

SKY COVER
POSSIBLE SUNSHINE (PERCENT)   MM                                      
AVERAGE SKY COVER             MM
NUMBER OF DAYS FAIR           MM
NUMBER OF DAYS PC             MM
NUMBER OF DAYS CLOUDY         MM

AVERAGE RH (PERCENT)     MM

WEATHER CONDITIONS. NUMBER OF DAYS WITH
THUNDERSTORM              0     ICE PELLETS                 0
RAIN                     16     GLAZE                       0
DRIZZLE                   0     HAIL                        0
SNOW                      0     HAZE                        1
FOG                      16     FOG W/VIS <= 1/4 MILE       0
BLOWING SNOW              0


-  INDICATES NEGATIVE NUMBERS.
R  INDICATES RECORD WAS SET OR TIED.
MM INDICATES DATA IS MISSING.
T  INDICATES TRACE AMOUNT.

&&


$$
CRG SEP 16

Alaska Region Headquarters
222 West 7th Avenue #23
Anchorage, AK 99513-7575
Voice: 1-907-271-5088
Fax: 1-907-271-3711
Recorded Forecast: 1-800-472-0391
Webmaster Email: ARH Webauthors
Page Modified: 03 Feb 2008 18:00 UTC
About Us
Career Opportunities
Glossary
Credits
Disclaimer
Privacy Policy